[INFO] cloning repository https://github.com/terra-project/my-terra-token
[INFO] running `Command { std: "git" "-c" "credential.helper=" "-c" "credential.helper=/workspace/cargo-home/bin/git-credential-null" "clone" "--bare" "https://github.com/terra-project/my-terra-token" "/workspace/cache/git-repos/https%3A%2F%2Fgithub.com%2Fterra-project%2Fmy-terra-token", kill_on_drop: false }`
[INFO] [stderr] Cloning into bare repository '/workspace/cache/git-repos/https%3A%2F%2Fgithub.com%2Fterra-project%2Fmy-terra-token'...
[INFO] running `Command { std: "git" "rev-parse" "HEAD", kill_on_drop: false }`
[INFO] [stdout] 18cf551d7efab0303d346eee31816d9791ab90f5
[INFO] checking terra-project/my-terra-token against try#72f88fc4e9458f89516a0b8b0868f3718aec5b47 for pr-74989
[INFO] running `Command { std: "git" "clone" "/workspace/cache/git-repos/https%3A%2F%2Fgithub.com%2Fterra-project%2Fmy-terra-token" "/workspace/builds/worker-13/source", kill_on_drop: false }`
[INFO] [stderr] Cloning into '/workspace/builds/worker-13/source'...
[INFO] [stderr] done.
[INFO] validating manifest of git repo https://github.com/terra-project/my-terra-token on toolchain 72f88fc4e9458f89516a0b8b0868f3718aec5b47
[INFO] running `Command { std: "/workspace/cargo-home/bin/cargo" "+72f88fc4e9458f89516a0b8b0868f3718aec5b47" "read-manifest" "--manifest-path" "Cargo.toml", kill_on_drop: false }`
[INFO] removed /workspace/builds/worker-13/source/.cargo/config
[INFO] started tweaking git repo https://github.com/terra-project/my-terra-token
[INFO] finished tweaking git repo https://github.com/terra-project/my-terra-token
[INFO] tweaked toml for git repo https://github.com/terra-project/my-terra-token written to /workspace/builds/worker-13/source/Cargo.toml
[INFO] crate git repo https://github.com/terra-project/my-terra-token already has a lockfile, it will not be regenerated
[INFO] running `Command { std: "/workspace/cargo-home/bin/cargo" "+72f88fc4e9458f89516a0b8b0868f3718aec5b47" "fetch" "--locked" "--manifest-path" "Cargo.toml", kill_on_drop: false }`
[INFO] [stderr]  Downloading crates ...
[INFO] [stderr]   Downloaded lru v0.3.1
[INFO] [stderr]   Downloaded wasmer-win-exception-handler v0.17.1
[INFO] [stderr]   Downloaded parity-wasm v0.41.0
[INFO] [stderr]   Downloaded wasmer-clif-backend v0.17.1
[INFO] [stderr]   Downloaded dynasmrt v0.5.2
[INFO] [stderr]   Downloaded dynasm v0.5.2
[INFO] [stderr]   Downloaded blake3 v0.3.4
[INFO] [stderr]   Downloaded wasmer-runtime-core v0.17.1
[INFO] [stderr]   Downloaded wasmer-singlepass-backend v0.17.1
[INFO] [stderr]   Downloaded cosmwasm-storage v0.8.1
[INFO] [stderr]   Downloaded wasmer-middleware-common v0.17.1
[INFO] [stderr]   Downloaded cosmwasm-schema v0.8.1
[INFO] [stderr]   Downloaded cosmwasm-std v0.8.1
[INFO] [stderr]   Downloaded cosmwasm-vm v0.8.1
[INFO] running `Command { std: "docker" "create" "-v" "/var/lib/crater-agent-workspace/builds/worker-13/target:/opt/rustwide/target:rw,Z" "-v" "/var/lib/crater-agent-workspace/builds/worker-13/source:/opt/rustwide/workdir:ro,Z" "-v" "/var/lib/crater-agent-workspace/cargo-home:/opt/rustwide/cargo-home:ro,Z" "-v" "/var/lib/crater-agent-workspace/rustup-home:/opt/rustwide/rustup-home:ro,Z" "-e" "SOURCE_DIR=/opt/rustwide/workdir" "-e" "CARGO_TARGET_DIR=/opt/rustwide/target" "-e" "CARGO_HOME=/opt/rustwide/cargo-home" "-e" "RUSTUP_HOME=/opt/rustwide/rustup-home" "-w" "/opt/rustwide/workdir" "-m" "1610612736" "--user" "0:0" "--network" "none" "rustops/crates-build-env@sha256:d92eaeed33fa75130ca1ee6c8a01d1ffb62bac859dfdfb3450e3e5d1c0146529" "/opt/rustwide/cargo-home/bin/cargo" "+72f88fc4e9458f89516a0b8b0868f3718aec5b47" "metadata" "--no-deps" "--format-version=1", kill_on_drop: false }`
[INFO] [stdout] cb5748604c8f68977bb2f292ca83ece057e202d40d074cff2b3c110e0ec728d6
[INFO] [stderr] WARNING: Your kernel does not support swap limit capabilities or the cgroup is not mounted. Memory limited without swap.
[INFO] running `Command { std: "docker" "start" "-a" "cb5748604c8f68977bb2f292ca83ece057e202d40d074cff2b3c110e0ec728d6", kill_on_drop: false }`
[INFO] running `Command { std: "docker" "inspect" "cb5748604c8f68977bb2f292ca83ece057e202d40d074cff2b3c110e0ec728d6", kill_on_drop: false }`
[INFO] running `Command { std: "docker" "rm" "-f" "cb5748604c8f68977bb2f292ca83ece057e202d40d074cff2b3c110e0ec728d6", kill_on_drop: false }`
[INFO] [stdout] cb5748604c8f68977bb2f292ca83ece057e202d40d074cff2b3c110e0ec728d6
[INFO] running `Command { std: "docker" "create" "-v" "/var/lib/crater-agent-workspace/builds/worker-13/target:/opt/rustwide/target:rw,Z" "-v" "/var/lib/crater-agent-workspace/builds/worker-13/source:/opt/rustwide/workdir:ro,Z" "-v" "/var/lib/crater-agent-workspace/cargo-home:/opt/rustwide/cargo-home:ro,Z" "-v" "/var/lib/crater-agent-workspace/rustup-home:/opt/rustwide/rustup-home:ro,Z" "-e" "SOURCE_DIR=/opt/rustwide/workdir" "-e" "CARGO_TARGET_DIR=/opt/rustwide/target" "-e" "CARGO_INCREMENTAL=0" "-e" "RUST_BACKTRACE=full" "-e" "RUSTFLAGS=--cap-lints=forbid" "-e" "CARGO_HOME=/opt/rustwide/cargo-home" "-e" "RUSTUP_HOME=/opt/rustwide/rustup-home" "-w" "/opt/rustwide/workdir" "-m" "1610612736" "--user" "0:0" "--network" "none" "rustops/crates-build-env@sha256:d92eaeed33fa75130ca1ee6c8a01d1ffb62bac859dfdfb3450e3e5d1c0146529" "/opt/rustwide/cargo-home/bin/cargo" "+72f88fc4e9458f89516a0b8b0868f3718aec5b47" "check" "--frozen" "--all" "--all-targets" "--message-format=json", kill_on_drop: false }`
[INFO] [stdout] 155722c99d5ceb73193bfba3489f53355d02875c826630a4b29d11e9b96b8c63
[INFO] [stderr] WARNING: Your kernel does not support swap limit capabilities or the cgroup is not mounted. Memory limited without swap.
[INFO] running `Command { std: "docker" "start" "-a" "155722c99d5ceb73193bfba3489f53355d02875c826630a4b29d11e9b96b8c63", kill_on_drop: false }`
[INFO] [stderr]    Compiling proc-macro2 v1.0.18
[INFO] [stderr]    Compiling unicode-xid v0.2.1
[INFO] [stderr]    Compiling syn v1.0.33
[INFO] [stderr]    Compiling serde_derive v1.0.114
[INFO] [stderr]    Compiling serde v1.0.114
[INFO] [stderr]    Compiling typenum v1.12.0
[INFO] [stderr]    Compiling cc v1.0.54
[INFO] [stderr]    Compiling semver-parser v0.7.0
[INFO] [stderr]     Checking lazy_static v1.4.0
[INFO] [stderr]    Compiling target-lexicon v0.10.0
[INFO] [stderr]     Checking scopeguard v1.1.0
[INFO] [stderr]    Compiling cranelift-entity v0.59.0
[INFO] [stderr]    Compiling cranelift-codegen-shared v0.59.0
[INFO] [stderr]    Compiling ryu v1.0.5
[INFO] [stderr]    Compiling maybe-uninit v2.0.0
[INFO] [stderr]    Compiling subtle v1.0.0
[INFO] [stderr]    Compiling serde_json v1.0.55
[INFO] [stderr]    Compiling getrandom v0.1.14
[INFO] [stderr]    Compiling doc-comment v0.3.3
[INFO] [stderr]    Compiling constant_time_eq v0.1.5
[INFO] [stderr]     Checking itoa v0.4.6
[INFO] [stderr]    Compiling arrayref v0.3.6
[INFO] [stderr]    Compiling arrayvec v0.5.1
[INFO] [stderr]    Compiling schemars v0.7.6
[INFO] [stderr]    Compiling nix v0.15.0
[INFO] [stderr]    Compiling proc-macro-hack v0.5.16
[INFO] [stderr]     Checking wasmparser v0.51.4
[INFO] [stderr]     Checking void v1.0.2
[INFO] [stderr]     Checking hex v0.4.2
[INFO] [stderr]     Checking byte-tools v0.3.1
[INFO] [stderr]     Checking opaque-debug v0.2.3
[INFO] [stderr]     Checking parity-wasm v0.41.0
[INFO] [stderr]    Compiling indexmap v1.4.0
[INFO] [stderr]    Compiling crossbeam-utils v0.7.2
[INFO] [stderr]    Compiling memoffset v0.5.4
[INFO] [stderr]    Compiling crossbeam-epoch v0.8.2
[INFO] [stderr]    Compiling rayon v1.3.1
[INFO] [stderr]     Checking lock_api v0.3.4
[INFO] [stderr]    Compiling semver v0.9.0
[INFO] [stderr]    Compiling cranelift-codegen-meta v0.59.0
[INFO] [stderr]     Checking cranelift-bforest v0.59.0
[INFO] [stderr]    Compiling hashbrown v0.6.3
[INFO] [stderr]    Compiling libc v0.2.71
[INFO] [stderr]     Checking block-padding v0.1.5
[INFO] [stderr]     Checking log v0.4.8
[INFO] [stderr]     Checking parking_lot_core v0.7.2
[INFO] [stderr]     Checking errno v0.2.5
[INFO] [stderr]     Checking page_size v0.4.2
[INFO] [stderr]     Checking memmap v0.7.0
[INFO] [stderr]    Compiling rustc_version v0.2.3
[INFO] [stderr]     Checking parking_lot v0.10.2
[INFO] [stderr]    Compiling quote v1.0.7
[INFO] [stderr]     Checking crossbeam-queue v0.2.3
[INFO] [stderr]    Compiling blake3 v0.3.4
[INFO] [stderr]    Compiling raw-cpuid v7.0.3
[INFO] [stderr]     Checking crossbeam-deque v0.7.3
[INFO] [stderr]     Checking generic-array v0.12.3
[INFO] [stderr]     Checking rayon-core v1.7.1
[INFO] [stderr]    Compiling digest v0.8.1
[INFO] [stderr]    Compiling crypto-mac v0.7.0
[INFO] [stderr]     Checking block-buffer v0.7.3
[INFO] [stderr]     Checking sha2 v0.8.2
[INFO] [stderr]    Compiling const-random-macro v0.1.8
[INFO] [stderr]     Checking const-random v0.1.8
[INFO] [stderr]     Checking ahash v0.2.18
[INFO] [stderr]    Compiling wasmer-runtime-core v0.17.1
[INFO] [stderr]     Checking lru v0.3.1
[INFO] [stderr]    Compiling serde_derive_internals v0.25.0
[INFO] [stderr]    Compiling cranelift-codegen v0.59.0
[INFO] [stderr]    Compiling thiserror-impl v1.0.20
[INFO] [stderr]    Compiling schemars_derive v0.7.6
[INFO] [stderr]    Compiling snafu-derive v0.6.8
[INFO] [stderr]     Checking thiserror v1.0.20
[INFO] [stderr]     Checking snafu v0.6.8
[INFO] [stderr]     Checking serde_bytes v0.11.5
[INFO] [stderr]     Checking serde-bench v0.0.7
[INFO] [stderr]     Checking serde-json-wasm v0.2.1
[INFO] [stderr]     Checking bincode v1.3.1
[INFO] [stderr]     Checking gimli v0.20.0
[INFO] [stderr]     Checking cosmwasm-std v0.8.1
[INFO] [stderr]     Checking cosmwasm-schema v0.8.1
[INFO] [stderr]     Checking cosmwasm-storage v0.8.1
[INFO] [stderr]     Checking wasmer-middleware-common v0.17.1
[INFO] [stderr]     Checking my-terra-token v0.1.0 (/opt/rustwide/workdir)
[INFO] [stderr]     Checking wasmer-clif-fork-frontend v0.59.0
[INFO] [stderr]     Checking cranelift-native v0.59.0
[INFO] [stderr]     Checking wasmer-clif-fork-wasm v0.59.0
[INFO] [stderr]     Checking wasmer-clif-backend v0.17.1
[INFO] [stderr]     Checking cosmwasm-vm v0.8.1
[INFO] [stdout] error: couldn't read tests/../target/wasm32-unknown-unknown/release/my_terra_token.wasm: No such file or directory (os error 2)
[INFO] [stdout]   --> tests/integration.rs:26:22
[INFO] [stdout]    |
[INFO] [stdout] 26 | static WASM: &[u8] = include_bytes!("../target/wasm32-unknown-unknown/release/my_terra_token.wasm");
[INFO] [stdout]    |                      ^^^^^^^^^^^^^^^^^^^^^^^^^^^^^^^^^^^^^^^^^^^^^^^^^^^^^^^^^^^^^^^^^^^^^^^^^^^^^^
[INFO] [stdout]    |
[INFO] [stdout]    = note: this error originates in a macro (in Nightly builds, run with -Z macro-backtrace for more info)
[INFO] [stdout] 
[INFO] [stdout] 
[INFO] [stdout] error[E0432]: unresolved import `my_terra_token::msg::CountResponse`
[INFO] [stdout]   --> tests/integration.rs:23:27
[INFO] [stdout]    |
[INFO] [stdout] 23 | use my_terra_token::msg::{CountResponse, HandleMsg, InitMsg, QueryMsg};
[INFO] [stdout]    |                           ^^^^^^^^^^^^^
[INFO] [stdout]    |                           |
[INFO] [stdout]    |                           no `CountResponse` in `msg`
[INFO] [stdout]    |                           help: a similar name exists in the module: `ConfigResponse`
[INFO] [stdout] 
[INFO] [stdout] 
[INFO] [stdout] error[E0560]: struct `InitMsg` has no field named `count`
[INFO] [stdout]   --> tests/integration.rs:34:25
[INFO] [stdout]    |
[INFO] [stdout] 34 |     let msg = InitMsg { count: 17 };
[INFO] [stdout]    |                         ^^^^^ `InitMsg` does not have this field
[INFO] [stdout]    |
[INFO] [stdout]    = note: available fields are: `name`, `symbol`, `initial_balances`
[INFO] [stdout] 
[INFO] [stdout] 
[INFO] [stdout] error[E0599]: no variant named `GetCount` found for enum `QueryMsg`
[INFO] [stdout]   --> tests/integration.rs:42:42
[INFO] [stdout]    |
[INFO] [stdout] 42 |     let res = query(&mut deps, QueryMsg::GetCount {}).unwrap();
[INFO] [stdout]    |                                          ^^^^^^^^ variant not found in `QueryMsg`
[INFO] [stdout] 
[INFO] [stdout] 
[INFO] [stdout] error[E0560]: struct `InitMsg` has no field named `count`
[INFO] [stdout]   --> tests/integration.rs:51:25
[INFO] [stdout]    |
[INFO] [stdout] 51 |     let msg = InitMsg { count: 17 };
[INFO] [stdout]    |                         ^^^^^ `InitMsg` does not have this field
[INFO] [stdout]    |
[INFO] [stdout]    = note: available fields are: `name`, `symbol`, `initial_balances`
[INFO] [stdout] 
[INFO] [stdout] 
[INFO] [stdout] error[E0599]: no variant named `Increment` found for enum `HandleMsg`
[INFO] [stdout]   --> tests/integration.rs:57:26
[INFO] [stdout]    |
[INFO] [stdout] 57 |     let msg = HandleMsg::Increment {};
[INFO] [stdout]    |                          ^^^^^^^^^ variant not found in `HandleMsg`
[INFO] [stdout] 
[INFO] [stdout] 
[INFO] [stdout] error[E0599]: no variant named `GetCount` found for enum `QueryMsg`
[INFO] [stdout]   --> tests/integration.rs:61:42
[INFO] [stdout]    |
[INFO] [stdout] 61 |     let res = query(&mut deps, QueryMsg::GetCount {}).unwrap();
[INFO] [stdout]    |                                          ^^^^^^^^ variant not found in `QueryMsg`
[INFO] [stdout] 
[INFO] [stdout] 
[INFO] [stdout] error[E0560]: struct `InitMsg` has no field named `count`
[INFO] [stdout]   --> tests/integration.rs:70:25
[INFO] [stdout]    |
[INFO] [stdout] 70 |     let msg = InitMsg { count: 17 };
[INFO] [stdout]    |                         ^^^^^ `InitMsg` does not have this field
[INFO] [stdout]    |
[INFO] [stdout]    = note: available fields are: `name`, `symbol`, `initial_balances`
[INFO] [stdout] 
[INFO] [stdout] 
[INFO] [stdout] error[E0599]: no variant named `Reset` found for enum `HandleMsg`
[INFO] [stdout]   --> tests/integration.rs:76:26
[INFO] [stdout]    |
[INFO] [stdout] 76 |     let msg = HandleMsg::Reset { count: 5 };
[INFO] [stdout]    |                          ^^^^^ variant not found in `HandleMsg`
[INFO] [stdout] 
[INFO] [stdout] 
[INFO] [stdout] error[E0599]: no variant named `Reset` found for enum `HandleMsg`
[INFO] [stdout]   --> tests/integration.rs:85:26
[INFO] [stdout]    |
[INFO] [stdout] 85 |     let msg = HandleMsg::Reset { count: 5 };
[INFO] [stdout]    |                          ^^^^^ variant not found in `HandleMsg`
[INFO] [stdout] 
[INFO] [stdout] 
[INFO] [stdout] error[E0599]: no variant named `GetCount` found for enum `QueryMsg`
[INFO] [stdout]   --> tests/integration.rs:89:42
[INFO] [stdout]    |
[INFO] [stdout] 89 |     let res = query(&mut deps, QueryMsg::GetCount {}).unwrap();
[INFO] [stdout]    |                                          ^^^^^^^^ variant not found in `QueryMsg`
[INFO] [stdout] 
[INFO] [stdout] 
[INFO] [stdout] error: aborting due to 11 previous errors
[INFO] [stdout] 
[INFO] [stdout] 
[INFO] [stdout] Some errors have detailed explanations: E0432, E0560, E0599.
[INFO] [stdout] 
[INFO] [stdout] For more information about an error, try `rustc --explain E0432`.
[INFO] [stdout] 
[INFO] [stderr] error: could not compile `my-terra-token`.
[INFO] [stderr] 
[INFO] [stderr] To learn more, run the command again with --verbose.
[INFO] [stderr] warning: build failed, waiting for other jobs to finish...
[INFO] [stderr] error: build failed
[INFO] running `Command { std: "docker" "inspect" "155722c99d5ceb73193bfba3489f53355d02875c826630a4b29d11e9b96b8c63", kill_on_drop: false }`
[INFO] running `Command { std: "docker" "rm" "-f" "155722c99d5ceb73193bfba3489f53355d02875c826630a4b29d11e9b96b8c63", kill_on_drop: false }`
[INFO] [stdout] 155722c99d5ceb73193bfba3489f53355d02875c826630a4b29d11e9b96b8c63
